 = -o + 3318. Suppose -4*u = -2*s - 3200, -4*u - 3*s + i = -2546. What is the units digit of u?
1
What is the hundreds digit of 39/(-2)*(-174)/145*(-23830)/(-6)?
9
Let h(g) = -4*g**3 + 7*g**2 - 7*g - 28. Let a be h(-16). Suppose -3*p = -23*p + a. What is the units digit of p?
3
Suppose -2*k + 272 = -35*m + 32*m, -300 = -2*k - 4*m. Let y = k - -256. What is the hundreds digit of y?
3
Suppose 0 = 9*k - 97291 - 48167. What is the thousands digit of k?
6
Suppose 144452 + 282445 = 25*f + 5272. What is the tens digit of f?
6
Let y(l) = -26*l + 42. Let p(m) = m**3 - 8*m**2 + 12*m - 4. Let k be p(5). What is the tens digit of y(k)?
3
Suppose -3*d - 5427 = -4*x, -3*d = 3*x - 0*d - 4044. What is the thousands digit of x?
1
Suppose 18 = -24*u + 27*u. Suppose 0 = -u*g - 4*g + 650. What is the units digit of g?
5
Suppose -4561 = -4*g + 3843. Suppose -191 = -12*c + g. What is the tens digit of c?
9
Let s(r) = r**3 - 17*r**2 + 21*r - 14. Let l be s(15). Let f = l - -60. Let t = f + 232. What is the hundreds digit of t?
1
Suppose 0 = -a + 6*a - 110. Suppose 140 = 27*o - a*o. Suppose o = 2*m - 24. What is the units digit of m?
6
Let n(v) = 676*v**2 + 8*v - 7. Let y(f) = -1350*f**2 - 15*f + 12. Let p(u) = -7*n(u) - 4*y(u). What is the hundreds digit of p(-1)?
6
Let a(p) = -2971*p - 3188. What is the ten thousands digit of a(-19)?
5
Let d be -6 + (24 - (8 - -2)). Let i = 2 - 5. Let v = i + d. What is the units digit of v?
5
Suppose 27 + 545 = 13*z. Suppose j = 8 + z. What is the units digit of j?
2
Suppose 54*c - 419312 + 54203 - 545925 = 0. What is the thousands digit of c?
6
Let d(a) = -177*a**3 + 34*a**2 + 39*a + 55. What is the tens digit of d(-7)?
5
Let x = -58227 - -99473. What is the units digit of x?
6
Let i = -598 - -601. Suppose 2*y - 1252 = -4*t, -i*t - 5*y = -9*y - 961. What is the units digit of t?
5
Suppose -520183 = -85*u + 1431332. What is the thousands digit of u?
2
Suppose -4*f = 17*f. Let q = 56 - f. What is the tens digit of q?
5
Let u be 228/16 - 1/4. Suppose 3*c = i - 47, -4*i + 6 = -u. Let v = c + 77. What is the tens digit of v?
6
What is the units digit of ((-5)/(-10) + 0)*40408/4?
1
Let z be ((-13)/((-117)/(-27)))/(6/20). What is the units digit of (28/z + 2)/(8/(-3340))?
4
Suppose -2*i = 3*k - 9, 0 = 4*i + i - 5*k - 85. Suppose -7*p + 11*p = i. Suppose -2*g + 519 = p*x, -2*x - 522 = -5*x - 3*g. What is the units digit of x?
1
Let f(i) = -i**2 - i + 10*i + 6 - 2*i**3 + 5 + 5*i**2. What is the units digit of f(-4)?
7
Let x(n) = 7*n - 55. Let j be (-225)/(-10) + 3/(-6). Let t be x(j). Let g = t + -38. What is the tens digit of g?
6
Let g(b) = -14*b + 5. Let h be g(34). Let s = -265 - h. What is the tens digit of s?
0
Let c be 2/(-8) - (-85)/(-60)*-3. Suppose -c*s = 11*s - 120. Suppose s*b - 301 - 635 = 0. What is the units digit of b?
7
Let w = -6982 - -28638. What is the ten thousands digit of w?
2
Let y(c) = 1112*c**2 + 11*c + 1. What is the ten thousands digit of y(4)?
1
Let s be 2/4*-2 + 1. Suppose 2 = 3*v - 3*t + 20, s = 4*v + 2*t - 6. Let q = 71 - v. What is the units digit of q?
2
Let o(a) be the second derivative of a**5/20 - a**4/6 - 9*a**2/2 - 20*a. Let d be o(3). Let p(b) = -6*b + 101. What is the hundreds digit of p(d)?
1
Let f(d) = 9*d**2 - 38*d - 5. Let h be f(5). Let t = 5 - 1. Suppose 3*w + 2 = -t*z + h, -3*z + 21 = -2*w. What is the units digit of z?
7
Let f(s) = 19*s**3 + 48*s**2 - 240*s - 20. What is the thousands digit of f(6)?
4
Let k = 90 + -87. Suppose k*r = v + 90, -4*v = -3*v. Let p = r + -7. What is the tens digit of p?
2
Suppose 41 = 22*a + 14 - 17. Suppose -b - 3*b + 20 = 0. Suppose k - b*k + a*q + 760 = 0, q = 3*k - 571. What is the tens digit of k?
9
Let h = 320 + -294. Let b = 272 + h. What is the hundreds digit of b?
2
Suppose -p - 4*d = -1064, -68*p + 3124 = -65*p - 5*d. What is the units digit of p?
8
Let o = 230 - -7623. What is the thousands digit of o?
7
Suppose -75622 - 69606 = -7*v - 16183. What is the hundreds digit of v?
4
Let k(n) = -23*n - 167. Let j be k(-9). What is the tens digit of 364 + (180/j)/((-6)/(-4))?
6
Let v be -1*(2/7 - (-259)/(-49)). Suppose 16 = -v*b - 3*b. What is the tens digit of (3 - (-2 - b))*107/3?
0
Suppose 367*v = 498*v - 2486642. What is the tens digit of v?
8
What is the thousands digit of (-6)/(-24)*9116 + 11?
2
Suppose 53100 = 3*k + 5*x, 3*k - 72*x = -71*x + 53100. What is the units digit of k?
0
Let h(f) = -50*f + 3919. What is the tens digit of h(18)?
1
Suppose -5*h + 70791 = -8*h + 24*h. What is the tens digit of h?
7
Let q(r) = 5*r - 2. Let j be q(2). Let l(b) = 3*b + 22. Let z be l(j). Let v = 57 - z. What is the tens digit of v?
1
Let f(r) = -179*r + 46. Let s be f(5). Let y = 1737 + s. What is the units digit of y?
8
What is the units digit of (-12 - (-22)/6 - 6*-1)*-23820?
0
Let z = 7 + -24. Let m be z + (0 - (0 - (-1 - -3))). What is the tens digit of (m/(-6) - 2)/(2/776)?
9
Let i be 6 + -33 - (2 + -1). Let j = i - 35. Let g = j - -70. What is the units digit of g?
7
Suppose -3*l = 28*l - 40920. Let q = l + -916. What is the units digit of q?
4
Let b be ((-1)/(-2))/(1/254). Let q be 583/(-13) + -6 + (-66)/429. Let v = b + q. What is the units digit of v?
6
Suppose 4*m - 28 = 3*d - 8*d, 0 = -3*m - 4*d + 22. Suppose m*c - 1392 = -2*z, 12 = 12*z - 9*z. What is the hundreds digit of c?
6
Suppose -c - 10 = -6*c. Suppose 0 = -4*x - c + 18. Suppose -i = 2, -2*p - x*i + 8*i + 206 = 0. What is the tens digit of p?
9
Suppose 0 = 10*p - 3*p + 14. Let i be p/(-7) + 1275/119. What is the units digit of ((-54)/(-4))/(i/44)?
4
Let r = 426 + -423. Suppose 5*v + 21 - 1392 = -2*s, 0 = -r*v + 9. What is the tens digit of s?
7
What is the thousands digit of (-72)/(-576) - (-99343)/8?
2
Let q = -3761 - -5769. Let p = -928 + q. Suppose 2*l + 3*l = 0, -5*w - 4*l + p = 0. What is the units digit of w?
6
Suppose -37*t = -46*t + 45. Suppose t*r = 1545 + 2840. What is the hundreds digit of r?
8
Let v = 568 + 6685. What is the tens digit of v?
5
Let f(r) be the first derivative of 475*r**2/2 - 97. What is the tens digit of f(1)?
7
Let r = 8 - 3. What is the units digit of -8*(-6 - 3) - r?
7
Let h be -5 + 392/20 - (-4)/10. Let t be 3/(-4)*((-40)/h - 0). Suppose -4*l + i + 404 = -149, -t*i + 701 = 5*l. What is the units digit of l?
9
Suppose 5*c = -4*i + 81841, 6 = 2*c + 12. What is the thousands digit of i?
0
Let v = -11421 + 24670. What is the ten thousands digit of v?
1
Let q(d) = 9*d - 20. Let x be q(3). Suppose x*y = 2023 + 2009. What is the hundreds digit of y?
5
Let p be -4*(-4)/8 - (-112)/7. What is the hundreds digit of -3*(944/(-21) - p/(-63))?
1
Suppose i = -5*j + 34516, -i - 5*j + 34506 = -2*j. What is the ten thousands digit of i?
3
What is the ten thousands digit of (-372252)/(-9) - 3/9 - (-13)/13?
4
Suppose 5833 = 3*m - 5*p - 2161, 13302 = 5*m - 3*p. What is the thousands digit of m?
2
Let p(w) = w + 8. Let l be p(-6). Let k be (l/8)/(0 - (-1)/2452). Suppose 0 = 5*j - 0*j + 4*n - k, -128 = -j + n. What is the units digit of j?
5
Let n(i) = -i**3 - 2*i**2 - i - 1. Let d = 70 - 72. Let o be n(d). What is the units digit of o*6/(-4)*(-3486)/63?
3
Suppose 0 = -3*t - 272 - 43. Let m = t + 259. What is the hundreds digit of m?
1
Let x be (-6)/10 + 195/75. What is the units digit of x - 0 - 7/((-63)/1314)?
8
What is the thousands digit of -21 + (5249 - -8) + 3*-3?
5
Let d be 9*((-61754)/(-21))/11. Suppose -5*h - 366 = -v - d, -v = -2*h + 819. What is the units digit of h?
7
Let y be 7 + -7 - 61/(-2)*-2. Let o = 66 + y. Suppose -o = -c + 11. What is the units digit of c?
6
Let q(s) = 13*s**2 - 15*s + 1. Let j(z) = -27*z**2 + 29*z. Let l(x) = -3*j(x) - 5*q(x). What is the units digit of l(7)?
5
Suppose -5*p - 5*z + 1095 = 0, -3*z = 4*p - 369 - 509. Suppose -7*w + 9*w = 96. Let j = p + w. What is the units digit of j?
9
Suppose -8*c + 78*c - 1959339 = -319379. What is the thousands digit of c?
3
Suppose 18 = -n + 113. Let y = n + -97. What is the tens digit of y/3*327/(-2)?
0
Suppose 266*x - 255*x - 111749 = 0. What is the units digit of x?
9
Let k = 85321 + -38829. What is the units digit of k?
2
Let i = 58 - 51. Let b be -3 - (2 - i)*8/(-20). Let z = 54 - b. What is the units digit of z?
9
Let o(l) = 1720*l - 466. What is the units digit of o(8)?
4
Let w be (-1)/2 - 68/(-8). Sup